11001*u + 10698. What is b(-1)?
-303
Let k(l) = -1082*l - 210983. Determine k(-195).
7
Let o(c) = c**2 + 6721*c - 67287. What is o(10)?
23
Let o(u) = u**3 - 975*u**2 + 19939*u + 2001. Give o(21).
6
Let x(s) = 28*s**3 + 36*s - 66. Calculate x(2).
230
Let m(y) = 45*y**2 + 1458*y + 561. Give m(-32).
-15
Let z(d) = -d**3 + 58*d**2 + 725*d + 2387. Determine z(69).
41
Let i(j) = -1032*j**2 + 3099*j - 24. Determine i(3).
-15
Let n(v) = v**3 - 697*v**2 - 396225*v - 3178. Calculate n(1068).
26
Let n(c) = -49294*c + 788703. Determine n(16).
-1
Let c(x) = -109*x + 3941. Give c(36).
17
Let p(v) = -3*v**3 + 19*v**2 - 58*v + 195. Determine p(7).
-309
Let x(v) = -6034*v + 265500. What is x(44)?
4
Let d(l) = 3*l**3 - 47*l**2 + 161*l - 3960. Give d(17).
-67
Let g(x) = -8*x**2 + 137*x + 2471. Calculate g(27).
338
Let h(q) = -19815*q - 217946. Give h(-11).
19
Let u(z) = 96*z**3 + 6*z**2 - 7*z + 4. What is u(1)?
99
Let x(z) = -24*z**2 - 4174*z + 17441. Determine x(-178).
-3
Let h(r) = 2*r**3 + 101*r**2 - 466*r + 442. What is h(-55)?
-1153
Let t(h) = 10*h**2 - 111*h + 335. What is t(5)?
30
Let d(i) = 2452*i + 9788. What is d(-3)?
2432
Let p(s) = 2419*s + 8757. Calculate p(-3).
1500
Let q(f) = -f**2 - 5108*f - 102288. What is q(-20)?
-528
Let h(l) = -1817320*l + 8. Determine h(0).
8
Let d(b) = -48*b**2 + 1584*b - 2925. Determine d(31).
51
Let w(z) = -z**3 - 25*z**2 + 132*z - 1617. What is w(-31)?
57
Let s(o) = 180*o - 8689. Calculate s(52).
671
Let m(g) = -17*g**2 - 391*g - 2438. What is m(-14)?
-296
Let r(i) = 2285*i + 33981. Determine r(-13).
4276
Let y(s) = -s**3 + 321*s**2 - 4595*s + 1447. Give y(306).
-83
Let s(j) = 4676*j - 93495. Determine s(20).
25
Let v(y) = -3*y**2 - 3771*y + 26534. Determine v(7).
-10
Let s(b) = -6*b**3 - 66*b**2 - b - 329. Calculate s(0).
-329
Let g(w) = -7193*w + 57343. Give g(8).
-201
Let x(c) = 263*c + 16537. What is x(-63)?
-32
Let g(v) = -4953*v + 59392. Determine g(12).
-44
Let n(v) = -17659*v - 70600. Determine n(-4).
36
Let h(i) = 4537*i - 18012. What is h(4)?
136
Let j(o) = 57*o**2 + 232*o + 180. Calculate j(-3).
-3
Let a(b) = -27084*b - 208. What is a(0)?
-208
Let t(w) = w**2 - 768117*w + 53763297. What is t(70)?
7
Let o(z) = z**2 - 5260*z - 756112. Give o(-140).
-112
Let b(f) = -2*f**3 - 332*f**2 + 673*f + 334. Calculate b(-168).
166
Let b(p) = 2*p**3 - 66*p**2 + 71*p - 18. What is b(33)?
2325
Let p(j) = -90429*j - 5064036. Give p(-56).
-12
Let v(d) = 9*d**3 + 36*d**2 + 21*d - 16. Calculate v(-2).
14
Let n(z) = 716*z + 34336. Calculate n(-47).
684
Let h(b) = -b**3 + 857*b + 6451. Give h(-8).
107
Let t(s) = -s**2 - 3459*s + 161228. Determine t(46).
-2
Let m(h) = -21*h**2 + 4174*h - 25040. What is m(6)?
-752
Let r(d) = d**2 + 443*d + 23230. Give r(-61).
-72
Let n(i) = i**3 + 40*i**2 - 1012*i + 11282. Give n(-60).
2
Let o(m) = -2171*m - 24031. Give o(-11).
-150
Let h(t) = 4432*t - 14016. Determine h(3).
-720
Let x(z) = 8*z**2 - 10340*z - 62321. Give x(-6).
7
Let h(z) = 7*z**2 + 6572*z - 196483. What is h(29)?
-8
Let g(d) = -1678*d - 43149. Give g(-26).
479
Let r(x) = -2*x**3 + 213*x**2 + 127*x - 1781. Determine r(107).
359
Let l(q) = q**3 - 129*q**2 + 3949*q + 6659. Give l(55).
4
Let p(w) = 182*w**2 - 4364*w - 55. Calculate p(24).
41
Let b(k) = 2*k**3 + 13*k**2 - 3922*k - 7882. Give b(-2).
-2
Let w(g) = 2*g**2 - 1090*g - 124232. What is w(-97)?
316
Let y(a) = 4*a**2 + 1431*a + 82918. What is y(-285)?
-17
Let v(d) = -463*d - 4961. Determine v(0).
-4961
Let c(i) = 6390*i + 428241. Determine c(-67).
111
Let z(q) = q**3 + 31*q**2 - 26*q + 1314. Calculate z(-33).
-6
Let y(c) = -14*c**2 - 390*c - 4113. Give y(-19).
-1757
Let a(v) = -3*v**3 + 90*v**2 + 9*v. Calculate a(30).
270
Let f(v) = -199*v - 10367. Calculate f(-38).
-2805
Let c(n) = -n**3 + 95*n**2 + 702*n + 1287. Calculate c(-5).
277
Let s(t) = -6*t**2 - 223*t - 2070. What is s(-18)?
0
Let k(s) = -3*s**3 + 928*s**2 - 387*s + 24104. Give k(309).
2
Let b(z) = -622*z + 3767. Determine b(6).
35
Let n(v) = 1500*v - 79. Give n(0).
-79
Let w(t) = 8507*t + 25458. Calculate w(-3).
-63
Let o(p) = 7*p**3 - 865*p**2 + 559*p - 8237. Give o(123).
4
Let d(g) = -106*g - 4573. Calculate d(-40).
-333
Let z(t) = -9*t**3 - 62*t**2 + 100*t + 35. What is z(-8)?
-125
Let a(q) = 2124*q - 76471. What is a(36)?
-7
Let f(b) = -185*b + 7743. Determine f(43).
-212
Let t(v) = -9059*v + 1639703. Give t(181).
24
Let x(n) = -3*n**2 - 1348*n + 208437. Calculate x(-571).
22
Let n(k) = k**3 - 191*k**2 + 7317*k - 393. Determine n(138).
21
Let t(x) = 5*x**2 - 734*x - 12516. Give t(162).
-204
Let a(n) = 16*n**3 + 20*n**2 - 15932*n - 15932. Give a(-1).
4
Let m(v) = -21*v**2 + 10855*v + 32574. Give m(-3).
-180
Let t(a) = 582*a + 71519. Calculate t(-122).
515
Let w(o) = 9524*o - 28283. What is w(3)?
289
Let b(p) = p**3 - p**2 - 5209*p + 31233. Give b(6).
159
Let d(p) = -p**2 - 912*p - 3677. What is d(-4)?
-45
Let o(b) = b**2 - 83149*b - 582040. Calculate o(-7).
52
Let d(v) = 2*v**3 + 492*v**2 + 897*v + 99684. Calculate d(-245).
-31
Let x(j) = 1323*j - 493. What is x(0)?
-493
Let g(v) = 91878*v - 7074601. Calculate g(77).
5
Let x(v) = 430*v**2 - 58*v - 302. Calculate x(0).
-302
Let b(k) = 5*k**2 - 479*k + 4332. Give b(9).
426
Let u(j) = 50298*j + 2967486. Give u(-59).
-96
Let d(z) = 314*z - 5814. Calculate d(22).
1094
Let s(t) = 44*t**2 - 144*t - 524. What is s(-4)?
756
Let n(f) = -317*f + 14412. Determine n(45).
147
Let y(v) = -85*v**2 + 39105*v - 2042. Calculate y(460).
258
Let b(h) = -133945*h + 669729. Give b(5).
4
Let n(a) = 8*a**2 - 65959*a + 263848. Give n(4).
140
Let g(k) = -2*k**3 + 5*k**2 - 707*k + 707. Give g(1).
3
Let r(i) = i**3 + 226*i**2 + 420*i - 5777. Determine r(-224).
495
Let j(u) = 363579*u - 2908633. What is j(8)?
-1
Let c(w) = -1065*w + 41534. Calculate c(39).
-1
Let v(x) = -x**3 + 60*x**2 + 45*x + 440. Calculate v(61).
-536
Let c(a) = 2*a**3 + 136*a**2 + 105*a - 1875. Give c(-67).
68
Let y(q) = -21*q + 125. Give y(87).
-1702
Let w(h) = h**3 - 42*h**2 + 126*h - 197. What is w(39)?
154
Let p(f) = -14*f**2 + 22826*f - 114132. Calculate p(5).
-352
Let g(c) = -1393*c - 18195. Give g(-13).
-86
Let w(x) = -36*x**2 + 1005*x + 89. Calculate w(28).
5
Let r(s) = 6*s**2 - 2143*s - 33105. What is r(372)?
3
Let z(a) = 10597*a + 264509. What is z(-25)?
-416
Let m(y) = 182*y**3 - 24933*y**2 - 136*y + 6. What is m(137)?
143
Let x(z) = -4*z**3 + 961*z**2 + 733*z - 2646. Calculate x(241).
-236
Let x(l) = -l**3 - 274*l**2 + 360*l + 23417. Determine x(-275).
42
Let n(j) = j**2 + 266*j + 8266. What is n(-36)?
-14
Let p(r) = 34*r**2 - 25297*r - 24587. Give p(745).
-2
Let j(u) = 5091*u - 1318620. What is j(259)?
-51
Let f(l) = 96*l**2 - 927*l - 1411. Determine f(11).
8
Let u(x) = -18*x**2 + 128*x + 1176. Calculate u(-5).
86
Let w(k) = 996*k - 2992. What is w(4)?
992
Let k(u) = -u**2 - 85*u - 1869. What is k(-72)?
-933
Let r(h) = -h**3 + 42*h**2 - 428*h + 1030. What is r(10)?
-50
Let k(h) = -h**2 - 143460*h - 430372. Calculate k(-3).
-1
Let k(c) = 16*c**2 + 191*c + 245. Calculate k(-11).
80
Let p(n) = n**3 + 5*n**2 - 714*n - 3633. Determine p(27).
417
Let s(t) = 2*t**2 - 12152*t + 530831. Give s(44).
15
Let g(c) = -3*c**2 + 13549*c - 13557. Determine g(1).
-11
Let d(s) = 2*s**3 - 6*s**2 - 1070*s - 6107. Calculate d(27).
-5
Let b(i) = 135*i - 5177. Calculate b(46).
1033
Let r(f) = -3*f**3 + f**2 + 8*f - 801. What is r(0)?
-801
Let p(s) = -99942*s - 499717. Calculate p(-5).
-7
Let x(l) = -376301*l + 3386712. What is x(9)?
3
Let j(o) = o**3 + 79*o**2 - 249*o + 252. What is j(-82)?
498
Let f(u) = -16829*u + 420670. What is f(25)?
-55
Let a(l) = 855*l**3 + 8*l**2 + 12*l + 10. Give a(-1).
-849
Let t(q) = -2*q**3 - 212*q**2 + 401*q + 42084. Determine t(-106).
-422
Let r(b) = -b**2 - 9146*b - 563221. Calculate r(-62).
-13
Let v(z) = z**3 - 278*z**2 - 816*z - 686. Give v(281).
6901
Let a(v) = -200*v - 38873. Calculate a(-198).
727
Let b(q) = -2*q**3 + 85*q**2 - 88*q - 1437. Determine b(41).
-2
Let m(n) = n**2 + 164*n + 5129. Calculate m(-51).
-634
Let k(x) = -15*x**2 + 1496*x - 30481. What is k(71)?
120
Let v(j) = 158*j - 24569. Determine v(154).
-237
Let b(i) = -10*i**3 + 12*i**2 - 10*i - 9. Determine b(-4).
863
Let r(s) = -6*s**2 - 36162*s - 361013. What is r(-10)?
7
Let x(r) = -2*r**2 - 4872*r - 48504. Determine x(-10).
16
